tor of 5333559?
True
Is 560 a factor of 352997120?
True
Is 608421772 a multiple of 12?
False
Is 11762881 a multiple of 17?
False
Is 35 a factor of 5496715?
True
Is 1510392 a multiple of 412?
True
Is 1287243371 a multiple of 23?
False
Is 245 a factor of 25640450?
False
Does 129 divide 9732147?
True
Does 93 divide 169293387?
True
Does 2231 divide 2161115521?
False
Is 21 a factor of 712356477?
True
Is 762 a factor of 22695213?
False
Is 125 a factor of 878625?
True
Is 363 a factor of 61151954?
False
Is 49073280 a multiple of 240?
True
Does 186 divide 165563436?
True
Does 8 divide 7635693?
False
Does 17 divide 550087428?
True
Does 17 divide 583000006?
True
Does 10 divide 4289269?
False
Is 40712743 a multiple of 17?
False
Is 3321 a factor of 174601662?
False
Is 5661 a factor of 685750896?
True
Is 1709 a factor of 36528166?
True
Is 466336161 a multiple of 37?
False
Does 816 divide 412476576?
True
Is 42860682 a multiple of 18?
True
Is 52 a factor of 66452814?
False
Is 11950525 a multiple of 181?
True
Is 437304729 a multiple of 123?
True
Is 227812407 a multiple of 146?
False
Is 12369127 a multiple of 783?
False
Is 312 a factor of 100866168?
True
Is 31223005 a multiple of 5?
True
Is 79410140 a multiple of 403?
False
Is 797 a factor of 4874452?
True
Is 309927636 a multiple of 50?
False
Is 23364171 a multiple of 17?
True
Does 8 divide 388335568?
True
Is 38204077 a multiple of 2507?
False
Does 55 divide 76602460?
True
Is 173 a factor of 146821382?
False
Is 4 a factor of 92504073?
False
Is 92464943 a multiple of 223?
True
Is 80 a factor of 208498720?
True
Is 478957791 a multiple of 1219?
False
Does 29 divide 53560071?
True
Is 3 a factor of 492358300?
False
Does 68 divide 7275546?
False
Is 182486054 a multiple of 2131?
True
Is 75 a factor of 43602750?
True
Is 5229400 a multiple of 100?
True
Does 12460 divide 4416733580?
True
Is 906302010 a multiple of 305?
True
Does 3 divide 438271447?
False
Is 8 a factor of 3838025?
False
Is 2673007800 a multiple of 3050?
True
Is 537 a factor of 11431450?
False
Is 19 a factor of 413241450?
True
Is 44880457 a multiple of 7?
False
Is 34 a factor of 618280757?
False
Is 156077944 a multiple of 22?
True
Is 7 a factor of 2456778?
False
Is 1046848046 a multiple of 254?
True
Is 5830 a factor of 768277288?
False
Is 90 a factor of 47494987?
False
Does 63 divide 26421822?
True
Does 73 divide 251051214?
False
Is 79 a factor of 74288598?
True
Is 17 a factor of 10011793?
True
Is 1283917381 a multiple of 153?
False
Is 2297 a factor of 576294330?
True
Is 73 a factor of 7819628?
False
Is 72 a factor of 1895040?
True
Is 3431085411 a multiple of 14391?
False
Does 14 divide 37780061?
False
Is 541998778 a multiple of 698?
False
Is 827448363 a multiple of 447?
False
Is 93064821 a multiple of 31?
True
Is 81 a factor of 197460468?
False
Does 97 divide 415986736?
False
Is 242310822 a multiple of 2302?
True
Does 568 divide 1658050541?
False
Is 4142 a factor of 240675052?
True
Does 2370 divide 212276160?
True
Is 43063272 a multiple of 133?
True
Is 1099 a factor of 57506198?
False
Is 252 a factor of 323771087?
False
Is 50 a factor of 23938650?
True
Is 21771247 a multiple of 74?
False
Is 56 a factor of 2399734564?
False
Is 2861 a factor of 148505927?
True
Is 213 a factor of 96472882?
False
Is 4128 a factor of 1165211497?
False
Does 1959 divide 20349624?
False
Is 87 a factor of 101380747?
False
Is 445 a factor of 405010965?
True
Is 7437990483 a multiple of 63?
True
Does 47 divide 45023791?
True
Is 76 a factor of 101011979?
False
Is 3581524672 a multiple of 5428?
True
Does 2017 divide 97230153?
False
Does 3711 divide 34749804?
True
Is 277971204 a multiple of 542?
True
Does 6 divide 384427692?
True
Is 11 a factor of 16357275?
True
Is 400531296 a multiple of 968?
True
Is 1081 a factor of 483885868?
True
Is 843331023 a multiple of 11142?
False
Does 1751 divide 4929409947?
True
Does 6196 divide 1292863556?
True
Is 267869623 a multiple of 1223?
False
Is 5 a factor of 13929895?
True
Does 141 divide 74576592?
True
Is 2057440384 a multiple of 76?
True
Does 15 divide 1254131424?
False
Does 15 divide 75913354?
False
Does 8 divide 12590163?
False
Is 4350569 even?
False
Is 9497960 a multiple of 485?
False
Does 106 divide 102125912?
True
Does 218 divide 2074026930?
True
Is 1208296799 a multiple of 837?
False
Does 13 divide 32355317?
False
Is 182 a factor of 1407025827?
False
Does 141 divide 40666193?
False
Is 79466890 a multiple of 31?
False
Is 10624926 a multiple of 74?
False
Is 15537749 a multiple of 178?
False
Is 661190626 a multiple of 16?
False
Is 1148 a factor of 39794272?
True
Does 16 divide 52627136?
True
Does 41 divide 1320856779?
True
Does 1043 divide 1634875382?
True
Is 463 a factor of 293204010?
True
Does 2655 divide 238124295?
True
Is 3614 a factor of 154921338?
True
Does 5789 divide 330988160?
False
Is 65108438 a multiple of 67?
False
Does 379 divide 2816353169?
True
Does 119 divide 936487005?
False
Is 259 a factor of 150713395?
True
Is 193 a factor of 118367672?
True
Is 195 a factor of 93924871?
False
Is 645544362 a multiple of 1347?
True
Is 74503356 a multiple of 163?
False
Does 6 divide 32357056?
False
Is 466143106 a multiple of 913?
True
Is 6 a factor of 18275257?
False
Is 544553068 a multiple of 2268?
False
Is 419896075 a multiple of 145?
True
Is 203237153 a multiple of 7?
True
Is 1847067105 a multiple of 13?
True
Does 786 divide 262928538?
False
Is 218531388 a multiple of 1786?
True
Does 5348 divide 202414184?
False
Is 800898525 a multiple of 207?
True
Is 598 a factor of 2582408582?
True
Is 103594624 a multiple of 581?
True
Does 147 divide 2892165?
False
Does 904 divide 26727664?
True
Is 115820852 a multiple of 11?
False
Is 58319827 a multiple of 13?
False
Is 291146670 a multiple of 90?
True
Is 698 a factor of 13285034?
True
Is 6555780 a multiple of 462?
True
Is 81 a factor of 665235666?
True
Does 84 divide 70704144?
True
Is 213510494 a multiple of 3137?
True
Does 19 divide 35837990?
True
Is 22 a factor of 88490?
False
Does 155 divide 146502280?
True
Is 1521 a factor of 31207878?
True
Does 179 divide 38143972?
False
Is 593280852 a multiple of 76?
True
Is 1553271723 a multiple of 9?
True
Does 727 divide 766665847?
True
Does 1362 divide 1993993878?
True
Does 1117 divide 42367810?
True
Does 1483 divide 61876692?
True
Does 25 divide 3141409775?
True
Is 188555863 a multiple of 2473?
False
Does 107 divide 1330438?
True
Is 14644882 a multiple of 7?
True
Is 229878054 a multiple of 1242?
True
Is 13 a factor of 762146788?
True
Does 44 divide 1549138?
False
Does 566 divide 30088367?
False
Is 69017737 a multiple of 77?
False
Is 2309243562 a multiple of 253?
False
Is 205242351 a multiple of 57?
True
Is 123677798 a multiple of 130?
False
Does 28 divide 26058223?
False
Does 84 divide 4099767?
False
Does 239 divide 59800190?
True
Is 11 a factor of 8305781?
True
Is 866 a factor of 2315835?
False
Is 15774965 a multiple of 1122?
False
Does 13 divide 69049998?
False
Is 27 a factor of 88351138?
False
Is 21 a factor of 37839649?
False
Is 437 a factor of 119774922?
False
Does 1601 divide 1663432596?
True
Is 1503 a factor of 72488693?
False
Is 125 a factor of 162779269?
False
Is 1370 a factor of 2015402890?
True
Is 91 a factor of 149201780?
True
Is 12114789 a multiple of 2211?
False
Is 700717938 a multiple of 7?
False
Is 11014162 a multiple of 18?
False
Is 977 a factor of 386754243?
True
Is 45 a factor of 150676435?
False
Does 76 divide 4814676?
True
Is 844 a factor of 13764335?
False
Is 18 a factor of 29414502?
True
Does 60 divide 1426980?
True
Does 11 divide 93309601?
True
Is 698 a factor of 197836234?
True
Does 180 divide 499483980?
True
Does 539 divide 1086624?
True
Is 1545 a factor of 44993490?
True
Is 681 a factor of 1093620624?
True
Does 239 divide 88248629?
False
Is 270679644 a multiple of 243?
True
Is 14 a factor of 5756500?
False
Does 9 divide 16681131?
True
Does 5 divide 17459801?
False
Is 3141995121 a multiple of 16?
False
Does 1549 divide 30262813?
True
Is 35981458 a multiple of 5?
False
Does 154 divide 523892533?
False
Does 50 divide 42456550?
True
Is 710 a factor of 363597881?
False
Is 511 a factor of 575125390?
True
Does 243 divide 222800088?
False
Does 213 divide 9793949?
False
Is 5791920 a multiple of 12?
True
Is 337365468 a multiple of 18?
True
Is